37, 1847
What are the prime factors of 15209000?
2, 5, 67, 227
What are the prime factors of 143576?
2, 131, 137
List the prime factors of 12531935.
5, 13, 192799
What are the prime factors of 1895417?
293, 6469
List the prime factors of 3950460.
2, 3, 5, 17, 1291
List the prime factors of 190357.
190357
List the prime factors of 401403.
3, 133801
What are the prime factors of 1109821?
1109821
List the prime factors of 1741557.
3, 41, 14159
What are the prime factors of 573895?
5, 7, 19, 863
What are the prime factors of 173252?
2, 43313
What are the prime factors of 1324713?
3, 13, 33967
List the prime factors of 163563.
3, 54521
What are the prime factors of 33609?
3, 17, 659
What are the prime factors of 273797?
273797
What are the prime factors of 12960085?
5, 617, 4201
What are the prime factors of 307776?
2, 3, 7, 229
What are the prime factors of 189049?
7, 113, 239
What are the prime factors of 4024600?
2, 5, 20123
What are the prime factors of 8646939?
3, 7, 45751
What are the prime factors of 4981283?
1451, 3433
What are the prime factors of 74888?
2, 11, 23, 37
What are the prime factors of 65867?
65867
What are the prime factors of 175957?
179, 983
What are the prime factors of 479845?
5, 19, 5051
List the prime factors of 9468058.
2, 4734029
List the prime factors of 23979410.
2, 5, 7, 13, 2027
What are the prime factors of 4303450?
2, 5, 86069
What are the prime factors of 228130?
2, 5, 7, 3259
List the prime factors of 16536.
2, 3, 13, 53
What are the prime factors of 8855?
5, 7, 11, 23
List the prime factors of 267699.
3, 17, 29, 181
List the prime factors of 463682.
2, 231841
What are the prime factors of 2172055?
5, 434411
List the prime factors of 2227084.
2, 29, 73, 263
List the prime factors of 22032849.
3, 127, 57829
List the prime factors of 66005.
5, 43, 307
List the prime factors of 958115.
5, 37, 5179
What are the prime factors of 552297?
3, 47, 3917
List the prime factors of 37755438.
2, 3, 7, 67, 13417
List the prime factors of 11948656.
2, 746791
What are the prime factors of 142729?
53, 2693
List the prime factors of 1165733.
67, 127, 137
What are the prime factors of 418435?
5, 53, 1579
What are the prime factors of 16889689?
19, 888931
What are the prime factors of 3463834?
2, 11, 79, 1993
What are the prime factors of 2873836?
2, 7, 197, 521
List the prime factors of 5825485.
5, 41, 157, 181
What are the prime factors of 9541654?
2, 4770827
List the prime factors of 1530771.
3, 11, 4217
List the prime factors of 148955.
5, 31
List the prime factors of 177316.
2, 97, 457
What are the prime factors of 4676297?
4676297
What are the prime factors of 33972539?
4723, 7193
List the prime factors of 1139671.
13, 29, 3023
What are the prime factors of 28115867?
13, 23, 94033
List the prime factors of 13606.
2, 6803
What are the prime factors of 14568?
2, 3, 607
What are the prime factors of 2822626?
2, 1411313
What are the prime factors of 2269889?
2269889
What are the prime factors of 12571485?
3, 5, 838099
What are the prime factors of 2247288?
2, 3, 93637
What are the prime factors of 4642231?
11, 127, 3323
What are the prime factors of 368682?
2, 3, 43, 1429
List the prime factors of 240452.
2, 47, 1279
What are the prime factors of 757253?
7, 108179
List the prime factors of 742419.
3, 31, 887
List the prime factors of 5952851.
311, 19141
List the prime factors of 20554974.
2, 3, 11, 103813
List the prime factors of 6694703.
6694703
List the prime factors of 248032.
2, 23, 337
What are the prime factors of 28842982?
2, 7, 17, 121189
What are the prime factors of 97546?
2, 17, 19, 151
List the prime factors of 285234.
2, 3, 137, 347
What are the prime factors of 3896696?
2, 103, 4729
What are the prime factors of 10928661?
3, 163, 22349
List the prime factors of 5152299.
3, 23, 89, 839
List the prime factors of 6412306.
2, 29, 110557
List the prime factors of 368280.
2, 3, 5, 11, 31
What are the prime factors of 435100?
2, 5, 19, 229
List the prime factors of 13317167.
661, 20147
List the prime factors of 1167519.
3, 389173
List the prime factors of 1756914.
2, 3, 292819
What are the prime factors of 14269306?
2, 107, 131, 509
List the prime factors of 1271128.
2, 29, 5479
What are the prime factors of 1510942?
2, 229, 3299
List the prime factors of 3450152.
2, 431269
List the prime factors of 119860.
2, 5, 13, 461
What are the prime factors of 4738329?
3, 41, 12841
What are the prime factors of 60337?
60337
What are the prime factors of 184918?
2, 92459
List the prime factors of 31176872.
2, 19, 205111
What are the prime factors of 795454?
2, 11, 19, 173
What are the prime factors of 1088737?
13, 89, 941
What are the prime factors of 208079?
251, 829
List the prime factors of 3095938.
2, 17, 23, 37, 107
What are the prime factors of 3630516?
2, 3, 97, 3119
List the prime factors of 69135.
3, 5, 11, 419
What are the prime factors of 138067?
101, 1367
List the prime factors of 3040736.
2, 167, 569
List the prime factors of 224982.
2, 3, 29, 431
What are the prime factors of 2451326?
2, 1225663
What are the prime factors of 140518?
2, 7, 10037
List the prime factors of 1548477.
3, 7, 2731
What are the prime factors of 567776?
2, 11, 1613
What are the prime factors of 1169590?
2, 5, 116959
List the prime factors of 166623.
3, 55541
List the prime factors of 3601165.
5, 19, 37907
What are the prime factors of 80739?
3, 8971
List the prime factors of 229749.
3, 13, 43, 137
List the prime factors of 1544543.
7, 11, 13, 1543
What are the prime factors of 518420?
2, 5, 7, 23
What are the prime factors of 699074?
2, 17, 29, 709
What are the prime factors of 5284847?
419, 12613
List the prime factors of 1281514.
2, 13, 23, 2143
What are the prime factors of 4271582?
2, 7, 305113
List the prime factors of 3133602.
2, 3, 107, 1627
List the prime factors of 55442.
2, 19, 1459
List the prime factors of 20101416.
2, 3, 53, 15803
What are the prime factors of 712780?
2, 5, 157, 227
List the prime factors of 10484960.
2, 5, 19, 3449
List the prime factors of 1170685.
5, 19, 12323
What are the prime factors of 2644701?
3, 23, 38329
What are the prime factors of 253343?
253343
What are the prime factors of 167012?
2, 43, 971
What are the prime factors of 9576287?
7, 17, 80473
What are the prime factors of 3892403?
43, 131, 691
List the prime factors of 697176.
2, 3, 23, 421
List the prime factors of 174392.
2, 21799
What are the prime factors of 10188880?
2, 5, 13, 97, 101
List the prime factors of 14900094.
2, 3, 11, 75253
List the prime factors of 2719788.
2, 3, 226649
List the prime factors of 143749.
43, 3343
What are the prime factors of 186397?
186397
List the prime factors of 414428.
2, 7, 19, 41
What are the prime factors of 5128263?
3, 7, 81401
List the prime factors of 505285.
5, 11, 9187
What are the prime factors of 952489?
19, 50131
What are the prime factors of 214483?
214483
List the prime factors of 4014738.
2, 3, 7, 13, 19, 43
List the prime factors of 2896897.
29, 191, 523
What are the prime factors of 13612770?
2, 3, 5, 151253
What are the prime factors of 1311750?
2, 3, 5, 11, 53
List the prime factors of 180942.
2, 3, 53, 569
What are the prime factors of 447826?
2, 31, 233
What are the prime factors of 445951?
11, 71, 571
What are the prime factors of 1041126?
2, 3, 73, 2377
What are the prime factors of 4295858?
2, 7, 306847
What are the prime factors of 392720?
2, 5, 4909
List the prime factors of 1486746.
2, 3, 151, 547
What are the prime factors of 21837509?
21837509
List the prime factors of 1732795.
5, 346559
What are the prime factors of 368923?
19, 19417
What are the prime factors of 1508565?
3, 5, 163, 617
List the prime factors of 308725.
5, 53, 233
What are the prime factors of 1103984?
2, 7, 9857
List the prime factors of 428549.
11, 38959
What are the prime factors of 103317?
3, 34439
List the prime factors of 165094.
2, 23, 37, 97
List the prime factors of 36856861.
31, 1188931
What are the prime factors of 64761?
3, 21587
List the prime factors of 34159711.
4793, 7127
What are the prime factors of 3161230?
2, 5, 97, 3259
List the prime factors of 573139.
7, 41, 1997
List the prime factors of 413794.
2, 206897
What are the prime factors of 356401?
47, 7583
List the prime factors of 1436985.
3, 